{"id":520,"date":"2024-11-21T16:31:42","date_gmt":"2024-11-21T19:31:42","guid":{"rendered":"https:\/\/dgbinst.wpengine.com\/beleza-transparente\/?page_id=520"},"modified":"2026-03-23T08:53:03","modified_gmt":"2026-03-23T11:53:03","slug":"coffe","status":"publish","type":"page","link":"https:\/\/www.grupoboticario.com.br\/beleza-transparente\/pd-do-futuro\/coffe\/","title":{"rendered":"Coffee"},"content":{"rendered":"<div class=\"lazyblock-menu-flutuante-1k8SM wp-block-lazyblock-menu-flutuante\"><div class=\"menu-flutuante\">\n  <button id=\"bt-voltar\" class=\"menu-flutuante__voltar\" onclick=\"voltarPagina()\">Voltar<\/button>\n<ul><li><a href=\"\/beleza-transparente\/pd-do-futuro\/__trashed\/\">2004<\/a><\/li>\n<li><a href=\"\/beleza-transparente\/pd-do-futuro\/__trashed-4\/\">2006<\/a><\/li>\n<li><a href=\"\"><b>2009<\/b><\/a><\/li>\n<li><a href=\"\/beleza-transparente\/pd-do-futuro\/__trashed-3\/\">2018<\/a><\/li>\n<li><a href=\"\/beleza-transparente\/pd-do-futuro\/__trashed-5\/\">2019<\/a><\/li>\n<\/ul>\n<\/div>\n<\/div>\n\n\n<div style=\"height:30px\" aria-hidden=\"true\" class=\"wp-block-spacer\"><\/div>\n\n\n\n<p><strong>Sinta o aroma do caf\u00e9 no ar!<\/strong> Criada em 2009 e inspirada na nobreza dos melhores caf\u00e9s do mundo, a <strong>linha Coffee<\/strong> de O Botic\u00e1rio combina o cuidado di\u00e1rio com uma <strong>riqueza olfativa incompar\u00e1vel<\/strong>. Suas fragr\u00e2ncias masculinas e femininas revelam o contraste perfeito entre o caf\u00e9 e notas sofisticadas, despertando os sentidos em cada detalhe.<\/p>\n\n\n<div class=\"lazyblock-fundo-largura-full-novo-Zg1KYr wp-block-lazyblock-fundo-largura-full-novo\"><div class=\"largura-full \" style=\"background-color: #F5F1EB;\">\r\n      <div class=\"wrapper__medium\">\r\n    <div class=\"lazyblock-inner-blocks\">\n\n<h3 class=\"wp-block-heading has-text-align-center\">As vers\u00f5es mais desejadas de Coffee <\/h3>\n\n\n\n<div class=\"wp-block-columns is-not-stacked-on-mobile is-layout-flex wp-container-core-columns-is-layout-9d6595d7 wp-block-columns-is-layout-flex\">\n<div class=\"wp-block-column is-layout-flow wp-block-column-is-layout-flow\">\n<p><\/p>\n<\/div>\n\n\n\n<div class=\"wp-block-column is-layout-flow wp-block-column-is-layout-flow\">\n<p class=\"has-text-align-right\"><\/p>\n<\/div>\n<\/div>\n\n\n<div class=\"lazyblock-sucessos-11WkC7 wp-block-lazyblock-sucessos\"><div class=\"wp-block-lazyblock-fundo-largura-full-novo carrossel-sucessos\">\r\n  <div class=\"wrapper\">\r\n<div class=\"swiper carrossel-sucessos__swiper\">\r\n  <div class=\"carrossel-sucessos__nav\">\r\n  <div class=\"swiper-button-prev\"><\/div>\r\n  <div class=\"swiper-button-next\"><\/div>\r\n  <\/div>\r\n  <div class=\"swiper-wrapper\">\r\n        <div class=\"swiper-slide\">\r\n            <img decoding=\"async\" src=\"https:\/\/www.grupoboticario.com.br\/beleza-transparente\/wp-content\/uploads\/sites\/7\/2025\/12\/Coffee-Adictive.png\" alt=\"\">\r\n            <h3>Coffee Addictive<\/h3>\r\n        <p>Combina a sensualidade das <strong>frutas vermelhas<\/strong> com o dul\u00e7or irresist\u00edvel de <strong>baunilha<\/strong> e <strong>caf\u00e9 ar\u00e1bica<\/strong><\/p>          <\/div>\r\n        <div class=\"swiper-slide\">\r\n            <img decoding=\"async\" src=\"https:\/\/www.grupoboticario.com.br\/beleza-transparente\/wp-content\/uploads\/sites\/7\/2025\/12\/Coffee-Woman-Duo.png\" alt=\"\">\r\n            <h3>Coffee Woman Duo<\/h3>\r\n        <p>Uma mistura irresist\u00edvel de <strong>caf\u00e9<\/strong> com a cremosidade do <strong>leite<\/strong>, toques de <strong>frutas negras<\/strong> e <strong>flores<\/strong><\/p>          <\/div>\r\n        <div class=\"swiper-slide\">\r\n            <img decoding=\"async\" src=\"https:\/\/www.grupoboticario.com.br\/beleza-transparente\/wp-content\/uploads\/sites\/7\/2025\/12\/Coffee-Woman-Lucky.png\" alt=\"\">\r\n            <h3>Coffee Woman Lucky<\/h3>\r\n        <p>Uma combina\u00e7\u00e3o atraente da <strong>pimenta rosa<\/strong> com o calor do <strong>\u00e2mbar<\/strong><\/p>          <\/div>\r\n        <div class=\"swiper-slide\">\r\n            <img decoding=\"async\" src=\"https:\/\/www.grupoboticario.com.br\/beleza-transparente\/wp-content\/uploads\/sites\/7\/2025\/12\/Coffee-Woman-Seduction.png\" alt=\"\">\r\n            <h3>Coffee Woman Seduction<\/h3>\r\n        <p>Fragr\u00e2ncia enriquecida com o extrato de <strong>caf\u00e9 ar\u00e1bica<\/strong>, <strong>chocolate branco<\/strong> e <strong>s\u00e2ndalo<\/strong><\/p>          <\/div>\r\n        <div class=\"swiper-slide\">\r\n            <img decoding=\"async\" src=\"https:\/\/www.grupoboticario.com.br\/beleza-transparente\/wp-content\/uploads\/sites\/7\/2025\/12\/Coffee-Woman.png\" alt=\"\">\r\n            <h3>Coffee Woman<\/h3>\r\n        <p>Uma combina\u00e7\u00e3o de conforto do <strong>musk<\/strong>, a do\u00e7ura da <strong>baunilha<\/strong> e o extrato de <strong>caf\u00e9 ar\u00e1bica<\/strong><\/p>          <\/div>\r\n        <div class=\"swiper-slide\">\r\n            <img decoding=\"async\" src=\"https:\/\/www.grupoboticario.com.br\/beleza-transparente\/wp-content\/uploads\/sites\/7\/2025\/12\/Coffee-Woman-Sense.png\" alt=\"\">\r\n            <h3>Coffee Woman Sense<\/h3>\r\n        <p>Notas <strong>especiadas<\/strong> e <strong>madeiras<\/strong> com um toque de <strong>caf\u00e9 caramelizado<\/strong><\/p>          <\/div>\r\n        <div class=\"swiper-slide\">\r\n            <img decoding=\"async\" src=\"https:\/\/www.grupoboticario.com.br\/beleza-transparente\/wp-content\/uploads\/sites\/7\/2025\/12\/Coffee-Adictive-2.png\" alt=\"\">\r\n            <h3>Coffee Adictive<\/h3>\r\n        <p>Equilibra o frescor do <strong>cardamomo<\/strong> com o dul\u00e7or viciante do <strong>\u00e2mbar<\/strong> e do <strong>caf\u00e9 ar\u00e1bica<\/strong><\/p>          <\/div>\r\n        <div class=\"swiper-slide\">\r\n            <img decoding=\"async\" src=\"https:\/\/www.grupoboticario.com.br\/beleza-transparente\/wp-content\/uploads\/sites\/7\/2025\/12\/Coffee-Man-Lucky.png\" alt=\"\">\r\n            <h3>Coffee Man Lucky<\/h3>\r\n        <p>Notas de <strong>\u00e2mbar<\/strong>, <strong>patchouli<\/strong> e <strong>pimenta preta<\/strong><\/p>          <\/div>\r\n        <div class=\"swiper-slide\">\r\n            <img decoding=\"async\" src=\"https:\/\/www.grupoboticario.com.br\/beleza-transparente\/wp-content\/uploads\/sites\/7\/2025\/12\/Coffee-Man-Sense.png\" alt=\"\">\r\n            <h3>Coffee Man Sense<\/h3>\r\n        <p>Notas <strong>especiadas<\/strong> e <strong>madeiras<\/strong> com um toque de <strong>caf\u00e9 caramelizado<\/strong><\/p>          <\/div>\r\n        <div class=\"swiper-slide\">\r\n            <img decoding=\"async\" src=\"https:\/\/www.grupoboticario.com.br\/beleza-transparente\/wp-content\/uploads\/sites\/7\/2026\/01\/Coffe-Man.png\" alt=\"\">\r\n            <h3>Coffee Man<\/h3>\r\n        <p>Intenso extrato de <strong>caf\u00e9 <\/strong>com notas <strong>frutais<\/strong> e <strong>madeiras secas<\/strong><\/p>          <\/div>\r\n        <div class=\"swiper-slide\">\r\n            <img decoding=\"async\" src=\"https:\/\/www.grupoboticario.com.br\/beleza-transparente\/wp-content\/uploads\/sites\/7\/2025\/12\/Coffee-Man-Duo.png\" alt=\"\">\r\n            <h3>Coffee Man Duo<\/h3>\r\n        <p>A for\u00e7a do aroma do <strong>caf\u00e9<\/strong> combinado com a cremosidade do <strong>licor<\/strong>, o calor do <strong>\u00e2mbar<\/strong> e <strong>especiarias<\/strong><\/p>          <\/div>\r\n        <div class=\"swiper-slide\">\r\n            <img decoding=\"async\" src=\"https:\/\/www.grupoboticario.com.br\/beleza-transparente\/wp-content\/uploads\/sites\/7\/2025\/12\/Coffee-Man-Seduction.png\" alt=\"\">\r\n            <h3>Coffee Man Seduction<\/h3>\r\n        <p>Gr\u00e3os nobres de <strong>caf\u00e9 <\/strong>combinados com notas de <strong>couro<\/strong>, <strong>tabaco<\/strong> e <strong>cardamomo<\/strong><\/p>          <\/div>\r\n      <\/div>\r\n  \r\n<\/div>\r\n<\/div>\r\n<\/div><\/div>\n\n\n<p><\/p>\n\n<\/div>\r\n  <\/div>\r\n<\/div><\/div>\n\n\n<figure class=\"wp-block-embed is-type-video is-provider-youtube wp-block-embed-youtube wp-embed-aspect-16-9 wp-has-aspect-ratio\"><div class=\"wp-block-embed__wrapper\">\n<iframe loading=\"lazy\"  id=\"_ytid_88168\"  width=\"800\" height=\"450\"  data-origwidth=\"800\" data-origheight=\"450\"  data-relstop=\"1\" src=\"https:\/\/www.youtube.com\/embed\/vlFp4AfSPwc?enablejsapi=1&#038;autoplay=0&#038;cc_load_policy=0&#038;cc_lang_pref=&#038;iv_load_policy=1&#038;loop=0&#038;rel=0&#038;fs=1&#038;playsinline=0&#038;autohide=2&#038;theme=dark&#038;color=red&#038;controls=1&#038;disablekb=0&#038;\" class=\"__youtube_prefs__  epyt-is-override  no-lazyload\" title=\"YouTube player\"  allow=\"fullscreen; accelerometer; autoplay; clipboard-write; encrypted-media; gyroscope; picture-in-picture; web-share\" referrerpolicy=\"strict-origin-when-cross-origin\" allowfullscreen data-no-lazy=\"1\" data-skipgform_ajax_framebjll=\"\"><\/iframe>\n<\/div><\/figure>\n","protected":false},"excerpt":{"rendered":"<p>Sinta o aroma do caf\u00e9 no ar! Criada em 2009 e inspirada na nobreza dos melhores caf\u00e9s do mundo, a linha Coffee de O Botic\u00e1rio combina o cuidado di\u00e1rio com uma riqueza olfativa incompar\u00e1vel. Suas fragr\u00e2ncias masculinas e femininas revelam o contraste perfeito entre o caf\u00e9 e notas sofisticadas, despertando os sentidos em cada detalhe.<\/p>\n","protected":false},"author":12,"featured_media":0,"parent":343,"menu_order":0,"comment_status":"closed","ping_status":"closed","template":"page-com-imagem.php","meta":{"_acf_changed":true,"inline_featured_image":false,"footnotes":""},"class_list":["post-520","page","type-page","status-publish","hentry"],"acf":[],"yoast_head":"<!-- This site is optimized with the Yoast SEO plugin v27.4 - https:\/\/yoast.com\/product\/yoast-seo-wordpress\/ -->\n<title>Coffee - Beleza Transparente<\/title>\n<meta name=\"robots\" content=\"index, follow, max-snippet:-1, max-image-preview:large, max-video-preview:-1\" \/>\n<link rel=\"canonical\" href=\"https:\/\/www.grupoboticario.com.br\/beleza-transparente\/pd-do-futuro\/coffe\/\" \/>\n<meta property=\"og:locale\" content=\"pt_BR\" \/>\n<meta property=\"og:type\" content=\"article\" \/>\n<meta property=\"og:title\" content=\"Coffee - Beleza Transparente\" \/>\n<meta property=\"og:description\" content=\"Sinta o aroma do caf\u00e9 no ar! Criada em 2009 e inspirada na nobreza dos melhores caf\u00e9s do mundo, a linha Coffee de O Botic\u00e1rio combina o cuidado di\u00e1rio com uma riqueza olfativa incompar\u00e1vel. Suas fragr\u00e2ncias masculinas e femininas revelam o contraste perfeito entre o caf\u00e9 e notas sofisticadas, despertando os sentidos em cada detalhe.\" \/>\n<meta property=\"og:url\" content=\"https:\/\/www.grupoboticario.com.br\/beleza-transparente\/pd-do-futuro\/coffe\/\" \/>\n<meta property=\"og:site_name\" content=\"Beleza Transparente\" \/>\n<meta property=\"article:modified_time\" content=\"2026-03-23T11:53:03+00:00\" \/>\n<meta name=\"twitter:card\" content=\"summary_large_image\" \/>\n<meta name=\"twitter:label1\" content=\"Est. tempo de leitura\" \/>\n\t<meta name=\"twitter:data1\" content=\"1 minuto\" \/>\n<script type=\"application\/ld+json\" class=\"yoast-schema-graph\">{\"@context\":\"https:\\\/\\\/schema.org\",\"@graph\":[{\"@type\":\"WebPage\",\"@id\":\"https:\\\/\\\/www.grupoboticario.com.br\\\/beleza-transparente\\\/pd-do-futuro\\\/coffe\\\/\",\"url\":\"https:\\\/\\\/www.grupoboticario.com.br\\\/beleza-transparente\\\/pd-do-futuro\\\/coffe\\\/\",\"name\":\"Coffee - Beleza Transparente\",\"isPartOf\":{\"@id\":\"https:\\\/\\\/www.grupoboticario.com.br\\\/beleza-transparente\\\/#website\"},\"datePublished\":\"2024-11-21T19:31:42+00:00\",\"dateModified\":\"2026-03-23T11:53:03+00:00\",\"breadcrumb\":{\"@id\":\"https:\\\/\\\/www.grupoboticario.com.br\\\/beleza-transparente\\\/pd-do-futuro\\\/coffe\\\/#breadcrumb\"},\"inLanguage\":\"pt-BR\",\"potentialAction\":[{\"@type\":\"ReadAction\",\"target\":[\"https:\\\/\\\/www.grupoboticario.com.br\\\/beleza-transparente\\\/pd-do-futuro\\\/coffe\\\/\"]}]},{\"@type\":\"BreadcrumbList\",\"@id\":\"https:\\\/\\\/www.grupoboticario.com.br\\\/beleza-transparente\\\/pd-do-futuro\\\/coffe\\\/#breadcrumb\",\"itemListElement\":[{\"@type\":\"ListItem\",\"position\":1,\"name\":\"In\u00edcio\",\"item\":\"https:\\\/\\\/www.grupoboticario.com.br\\\/beleza-transparente\\\/\"},{\"@type\":\"ListItem\",\"position\":2,\"name\":\"P&amp;D do Futuro\",\"item\":\"https:\\\/\\\/www.grupoboticario.com.br\\\/beleza-transparente\\\/pd-do-futuro\\\/\"},{\"@type\":\"ListItem\",\"position\":3,\"name\":\"Coffee\"}]},{\"@type\":\"WebSite\",\"@id\":\"https:\\\/\\\/www.grupoboticario.com.br\\\/beleza-transparente\\\/#website\",\"url\":\"https:\\\/\\\/www.grupoboticario.com.br\\\/beleza-transparente\\\/\",\"name\":\"Beleza Transparente\",\"description\":\"\",\"potentialAction\":[{\"@type\":\"SearchAction\",\"target\":{\"@type\":\"EntryPoint\",\"urlTemplate\":\"https:\\\/\\\/www.grupoboticario.com.br\\\/beleza-transparente\\\/?s={search_term_string}\"},\"query-input\":{\"@type\":\"PropertyValueSpecification\",\"valueRequired\":true,\"valueName\":\"search_term_string\"}}],\"inLanguage\":\"pt-BR\"}]}<\/script>\n<!-- \/ Yoast SEO plugin. -->","yoast_head_json":{"title":"Coffee - Beleza Transparente","robots":{"index":"index","follow":"follow","max-snippet":"max-snippet:-1","max-image-preview":"max-image-preview:large","max-video-preview":"max-video-preview:-1"},"canonical":"https:\/\/www.grupoboticario.com.br\/beleza-transparente\/pd-do-futuro\/coffe\/","og_locale":"pt_BR","og_type":"article","og_title":"Coffee - Beleza Transparente","og_description":"Sinta o aroma do caf\u00e9 no ar! Criada em 2009 e inspirada na nobreza dos melhores caf\u00e9s do mundo, a linha Coffee de O Botic\u00e1rio combina o cuidado di\u00e1rio com uma riqueza olfativa incompar\u00e1vel. Suas fragr\u00e2ncias masculinas e femininas revelam o contraste perfeito entre o caf\u00e9 e notas sofisticadas, despertando os sentidos em cada detalhe.","og_url":"https:\/\/www.grupoboticario.com.br\/beleza-transparente\/pd-do-futuro\/coffe\/","og_site_name":"Beleza Transparente","article_modified_time":"2026-03-23T11:53:03+00:00","twitter_card":"summary_large_image","twitter_misc":{"Est. tempo de leitura":"1 minuto"},"schema":{"@context":"https:\/\/schema.org","@graph":[{"@type":"WebPage","@id":"https:\/\/www.grupoboticario.com.br\/beleza-transparente\/pd-do-futuro\/coffe\/","url":"https:\/\/www.grupoboticario.com.br\/beleza-transparente\/pd-do-futuro\/coffe\/","name":"Coffee - Beleza Transparente","isPartOf":{"@id":"https:\/\/www.grupoboticario.com.br\/beleza-transparente\/#website"},"datePublished":"2024-11-21T19:31:42+00:00","dateModified":"2026-03-23T11:53:03+00:00","breadcrumb":{"@id":"https:\/\/www.grupoboticario.com.br\/beleza-transparente\/pd-do-futuro\/coffe\/#breadcrumb"},"inLanguage":"pt-BR","potentialAction":[{"@type":"ReadAction","target":["https:\/\/www.grupoboticario.com.br\/beleza-transparente\/pd-do-futuro\/coffe\/"]}]},{"@type":"BreadcrumbList","@id":"https:\/\/www.grupoboticario.com.br\/beleza-transparente\/pd-do-futuro\/coffe\/#breadcrumb","itemListElement":[{"@type":"ListItem","position":1,"name":"In\u00edcio","item":"https:\/\/www.grupoboticario.com.br\/beleza-transparente\/"},{"@type":"ListItem","position":2,"name":"P&amp;D do Futuro","item":"https:\/\/www.grupoboticario.com.br\/beleza-transparente\/pd-do-futuro\/"},{"@type":"ListItem","position":3,"name":"Coffee"}]},{"@type":"WebSite","@id":"https:\/\/www.grupoboticario.com.br\/beleza-transparente\/#website","url":"https:\/\/www.grupoboticario.com.br\/beleza-transparente\/","name":"Beleza Transparente","description":"","potentialAction":[{"@type":"SearchAction","target":{"@type":"EntryPoint","urlTemplate":"https:\/\/www.grupoboticario.com.br\/beleza-transparente\/?s={search_term_string}"},"query-input":{"@type":"PropertyValueSpecification","valueRequired":true,"valueName":"search_term_string"}}],"inLanguage":"pt-BR"}]}},"_links":{"self":[{"href":"https:\/\/www.grupoboticario.com.br\/beleza-transparente\/wp-json\/wp\/v2\/pages\/520","targetHints":{"allow":["GET"]}}],"collection":[{"href":"https:\/\/www.grupoboticario.com.br\/beleza-transparente\/wp-json\/wp\/v2\/pages"}],"about":[{"href":"https:\/\/www.grupoboticario.com.br\/beleza-transparente\/wp-json\/wp\/v2\/types\/page"}],"author":[{"embeddable":true,"href":"https:\/\/www.grupoboticario.com.br\/beleza-transparente\/wp-json\/wp\/v2\/users\/12"}],"replies":[{"embeddable":true,"href":"https:\/\/www.grupoboticario.com.br\/beleza-transparente\/wp-json\/wp\/v2\/comments?post=520"}],"version-history":[{"count":0,"href":"https:\/\/www.grupoboticario.com.br\/beleza-transparente\/wp-json\/wp\/v2\/pages\/520\/revisions"}],"up":[{"embeddable":true,"href":"https:\/\/www.grupoboticario.com.br\/beleza-transparente\/wp-json\/wp\/v2\/pages\/343"}],"wp:attachment":[{"href":"https:\/\/www.grupoboticario.com.br\/beleza-transparente\/wp-json\/wp\/v2\/media?parent=520"}],"curies":[{"name":"wp","href":"https:\/\/api.w.org\/{rel}","templated":true}]}}