{"id":496,"date":"2024-11-21T16:31:42","date_gmt":"2024-11-21T19:31:42","guid":{"rendered":"https:\/\/dgbinst.wpengine.com\/beleza-transparente\/?page_id=496"},"modified":"2026-03-23T08:51:10","modified_gmt":"2026-03-23T11:51:10","slug":"lily","status":"publish","type":"page","link":"https:\/\/www.grupoboticario.com.br\/beleza-transparente\/pd-do-futuro\/lily\/","title":{"rendered":"Lily"},"content":{"rendered":"<div class=\"lazyblock-menu-flutuante-1k8SM wp-block-lazyblock-menu-flutuante\"><div class=\"menu-flutuante\">\n  <button id=\"bt-voltar\" class=\"menu-flutuante__voltar\" onclick=\"voltarPagina()\">Voltar<\/button>\n<ul><li><a href=\"\/beleza-transparente\/pd-do-futuro\/__trashed\/\">2004<\/a><\/li>\n<li><a href=\"\"><b>2006<\/b><\/a><\/li>\n<li><a href=\"\/beleza-transparente\/pd-do-futuro\/__trashed-2\/\">2009<\/a><\/li>\n<li><a href=\"\/beleza-transparente\/pd-do-futuro\/__trashed-3\/\">2018<\/a><\/li>\n<li><a href=\"\/beleza-transparente\/pd-do-futuro\/__trashed-5\/\">2019<\/a><\/li>\n<\/ul>\n<\/div>\n<\/div>\n\n\n<div style=\"height:30px\" aria-hidden=\"true\" class=\"wp-block-spacer\"><\/div>\n\n\n\n<p>Atrav\u00e9s do raro processo artesanal de enfleurage,<strong> desde de 2006<\/strong> as fragr\u00e2ncias de Lily possuem em sua <strong>ess\u00eancia<\/strong> as melhores notas dos l\u00edrios, criando <strong>fragr\u00e2ncias \u00fanicas, delicadas e marcantes<\/strong>!<\/p>\n\n\n<div class=\"lazyblock-fundo-largura-full-novo-Zg1KYr wp-block-lazyblock-fundo-largura-full-novo\"><div class=\"largura-full \" style=\"background-color: #F5F1EB;\">\r\n      <div class=\"wrapper__medium\">\r\n    <div class=\"lazyblock-inner-blocks\">\n\n<h3 class=\"wp-block-heading has-text-align-center\">A evolu\u00e7\u00e3o de Lily, desde 2006<\/h3>\n\n\n\n<div class=\"wp-block-columns is-not-stacked-on-mobile is-layout-flex wp-container-core-columns-is-layout-9d6595d7 wp-block-columns-is-layout-flex\">\n<div class=\"wp-block-column is-layout-flow wp-block-column-is-layout-flow\">\n<p><strong>+ Suave<\/strong><\/p>\n<\/div>\n\n\n\n<div class=\"wp-block-column is-layout-flow wp-block-column-is-layout-flow\">\n<p class=\"has-text-align-right\"><strong>+ Intenso<\/strong><\/p>\n<\/div>\n<\/div>\n\n\n<div class=\"lazyblock-sucessos-11WkC7 wp-block-lazyblock-sucessos\"><div class=\"wp-block-lazyblock-fundo-largura-full-novo carrossel-sucessos\">\r\n  <div class=\"wrapper\">\r\n<div class=\"swiper carrossel-sucessos__swiper\">\r\n  <div class=\"carrossel-sucessos__nav\">\r\n  <div class=\"swiper-button-prev\"><\/div>\r\n  <div class=\"swiper-button-next\"><\/div>\r\n  <\/div>\r\n  <div class=\"swiper-wrapper\">\r\n        <div class=\"swiper-slide\">\r\n            <img decoding=\"async\" src=\"https:\/\/www.grupoboticario.com.br\/beleza-transparente\/wp-content\/uploads\/sites\/7\/2025\/12\/Eau-de-Lily.png\" alt=\"\">\r\n            <h3>L&#8217;eau de Lily<\/h3>\r\n        <p>Floral Floral<\/p>          <\/div>\r\n        <div class=\"swiper-slide\">\r\n            <img decoding=\"async\" src=\"https:\/\/www.grupoboticario.com.br\/beleza-transparente\/wp-content\/uploads\/sites\/7\/2025\/12\/Eau-de-Lily-Soleil.png\" alt=\"\">\r\n            <h3>L&#8217;eau de Lily Soleil<\/h3>\r\n        <p>Floral Floral<\/p>          <\/div>\r\n        <div class=\"swiper-slide\">\r\n            <img decoding=\"async\" src=\"https:\/\/www.grupoboticario.com.br\/beleza-transparente\/wp-content\/uploads\/sites\/7\/2025\/12\/Eau-de-Lily-Blache.png\" alt=\"\">\r\n            <h3>L&#8217;eau de Lily Blanche<\/h3>\r\n        <p>Floral Floral<\/p>          <\/div>\r\n        <div class=\"swiper-slide\">\r\n            <img decoding=\"async\" src=\"https:\/\/www.grupoboticario.com.br\/beleza-transparente\/wp-content\/uploads\/sites\/7\/2025\/12\/Love-Lily.png\" alt=\"\">\r\n            <h3>Love Lily<\/h3>\r\n        <p>Floriental Rosa<\/p>          <\/div>\r\n        <div class=\"swiper-slide\">\r\n            <img decoding=\"async\" src=\"https:\/\/www.grupoboticario.com.br\/beleza-transparente\/wp-content\/uploads\/sites\/7\/2025\/12\/Lily-Absolu.png\" alt=\"\">\r\n            <h3>Lily Absolu<\/h3>\r\n        <p>Floriental Frutal<\/p>          <\/div>\r\n        <div class=\"swiper-slide\">\r\n            <img decoding=\"async\" src=\"https:\/\/www.grupoboticario.com.br\/beleza-transparente\/wp-content\/uploads\/sites\/7\/2025\/12\/Lily.png\" alt=\"\">\r\n            <h3>Lily<\/h3>\r\n        <p>Floriental Frutal<\/p>          <\/div>\r\n        <div class=\"swiper-slide\">\r\n            <img decoding=\"async\" src=\"https:\/\/www.grupoboticario.com.br\/beleza-transparente\/wp-content\/uploads\/sites\/7\/2025\/12\/Lily-Gardenia.png\" alt=\"\">\r\n            <h3>Lily Gard\u00e9nia<\/h3>\r\n        <p>Floral Amadeirada<\/p>          <\/div>\r\n        <div class=\"swiper-slide\">\r\n            <img decoding=\"async\" src=\"https:\/\/www.grupoboticario.com.br\/beleza-transparente\/wp-content\/uploads\/sites\/7\/2025\/12\/Lily-Lumiere.png\" alt=\"\">\r\n            <h3>Lily Lumi\u00e8re<\/h3>\r\n        <p>Floriental Amadeirada<\/p>          <\/div>\r\n        <div class=\"swiper-slide\">\r\n            <img decoding=\"async\" src=\"https:\/\/www.grupoboticario.com.br\/beleza-transparente\/wp-content\/uploads\/sites\/7\/2025\/12\/Lily-Le-Parfum.png\" alt=\"\">\r\n            <h3>Lily Le Parfum<\/h3>\r\n        <p>Floral Floral<\/p>          <\/div>\r\n      <\/div>\r\n  \r\n<\/div>\r\n<\/div>\r\n<\/div><\/div>\n\n\n<p><\/p>\n\n<\/div>\r\n  <\/div>\r\n<\/div><\/div>\n\n\n<figure class=\"wp-block-embed is-type-video is-provider-youtube wp-block-embed-youtube wp-embed-aspect-16-9 wp-has-aspect-ratio\"><div class=\"wp-block-embed__wrapper\">\n<iframe loading=\"lazy\"  id=\"_ytid_59002\"  width=\"800\" height=\"450\"  data-origwidth=\"800\" data-origheight=\"450\"  data-relstop=\"1\" src=\"https:\/\/www.youtube.com\/embed\/sYNw1IfOBuM?enablejsapi=1&#038;autoplay=0&#038;cc_load_policy=0&#038;cc_lang_pref=&#038;iv_load_policy=1&#038;loop=0&#038;rel=0&#038;fs=1&#038;playsinline=0&#038;autohide=2&#038;theme=dark&#038;color=red&#038;controls=1&#038;disablekb=0&#038;\" class=\"__youtube_prefs__  epyt-is-override  no-lazyload\" title=\"YouTube player\"  allow=\"fullscreen; accelerometer; autoplay; clipboard-write; encrypted-media; gyroscope; picture-in-picture; web-share\" referrerpolicy=\"strict-origin-when-cross-origin\" allowfullscreen data-no-lazy=\"1\" data-skipgform_ajax_framebjll=\"\"><\/iframe>\n<\/div><\/figure>\n\n\n\n<p><\/p>\n","protected":false},"excerpt":{"rendered":"<p>Atrav\u00e9s do raro processo artesanal de enfleurage, desde de 2006 as fragr\u00e2ncias de Lily possuem em sua ess\u00eancia as melhores notas dos l\u00edrios, criando fragr\u00e2ncias \u00fanicas, delicadas e marcantes!<\/p>\n","protected":false},"author":12,"featured_media":0,"parent":343,"menu_order":0,"comment_status":"closed","ping_status":"closed","template":"page-com-imagem.php","meta":{"_acf_changed":true,"inline_featured_image":false,"footnotes":""},"class_list":["post-496","page","type-page","status-publish","hentry"],"acf":[],"yoast_head":"<!-- This site is optimized with the Yoast SEO plugin v27.4 - https:\/\/yoast.com\/product\/yoast-seo-wordpress\/ -->\n<title>Lily - Beleza Transparente<\/title>\n<meta name=\"robots\" content=\"index, follow, max-snippet:-1, max-image-preview:large, max-video-preview:-1\" \/>\n<link rel=\"canonical\" href=\"https:\/\/www.grupoboticario.com.br\/beleza-transparente\/pd-do-futuro\/lily\/\" \/>\n<meta property=\"og:locale\" content=\"pt_BR\" \/>\n<meta property=\"og:type\" content=\"article\" \/>\n<meta property=\"og:title\" content=\"Lily - Beleza Transparente\" \/>\n<meta property=\"og:description\" content=\"Atrav\u00e9s do raro processo artesanal de enfleurage, desde de 2006 as fragr\u00e2ncias de Lily possuem em sua ess\u00eancia as melhores notas dos l\u00edrios, criando fragr\u00e2ncias \u00fanicas, delicadas e marcantes!\" \/>\n<meta property=\"og:url\" content=\"https:\/\/www.grupoboticario.com.br\/beleza-transparente\/pd-do-futuro\/lily\/\" \/>\n<meta property=\"og:site_name\" content=\"Beleza Transparente\" \/>\n<meta property=\"article:modified_time\" content=\"2026-03-23T11:51:10+00:00\" \/>\n<meta name=\"twitter:card\" content=\"summary_large_image\" \/>\n<meta name=\"twitter:label1\" content=\"Est. tempo de leitura\" \/>\n\t<meta name=\"twitter:data1\" content=\"1 minuto\" \/>\n<script type=\"application\/ld+json\" class=\"yoast-schema-graph\">{\"@context\":\"https:\\\/\\\/schema.org\",\"@graph\":[{\"@type\":\"WebPage\",\"@id\":\"https:\\\/\\\/www.grupoboticario.com.br\\\/beleza-transparente\\\/pd-do-futuro\\\/lily\\\/\",\"url\":\"https:\\\/\\\/www.grupoboticario.com.br\\\/beleza-transparente\\\/pd-do-futuro\\\/lily\\\/\",\"name\":\"Lily - Beleza Transparente\",\"isPartOf\":{\"@id\":\"https:\\\/\\\/www.grupoboticario.com.br\\\/beleza-transparente\\\/#website\"},\"datePublished\":\"2024-11-21T19:31:42+00:00\",\"dateModified\":\"2026-03-23T11:51:10+00:00\",\"breadcrumb\":{\"@id\":\"https:\\\/\\\/www.grupoboticario.com.br\\\/beleza-transparente\\\/pd-do-futuro\\\/lily\\\/#breadcrumb\"},\"inLanguage\":\"pt-BR\",\"potentialAction\":[{\"@type\":\"ReadAction\",\"target\":[\"https:\\\/\\\/www.grupoboticario.com.br\\\/beleza-transparente\\\/pd-do-futuro\\\/lily\\\/\"]}]},{\"@type\":\"BreadcrumbList\",\"@id\":\"https:\\\/\\\/www.grupoboticario.com.br\\\/beleza-transparente\\\/pd-do-futuro\\\/lily\\\/#breadcrumb\",\"itemListElement\":[{\"@type\":\"ListItem\",\"position\":1,\"name\":\"In\u00edcio\",\"item\":\"https:\\\/\\\/www.grupoboticario.com.br\\\/beleza-transparente\\\/\"},{\"@type\":\"ListItem\",\"position\":2,\"name\":\"P&amp;D do Futuro\",\"item\":\"https:\\\/\\\/www.grupoboticario.com.br\\\/beleza-transparente\\\/pd-do-futuro\\\/\"},{\"@type\":\"ListItem\",\"position\":3,\"name\":\"Lily\"}]},{\"@type\":\"WebSite\",\"@id\":\"https:\\\/\\\/www.grupoboticario.com.br\\\/beleza-transparente\\\/#website\",\"url\":\"https:\\\/\\\/www.grupoboticario.com.br\\\/beleza-transparente\\\/\",\"name\":\"Beleza Transparente\",\"description\":\"\",\"potentialAction\":[{\"@type\":\"SearchAction\",\"target\":{\"@type\":\"EntryPoint\",\"urlTemplate\":\"https:\\\/\\\/www.grupoboticario.com.br\\\/beleza-transparente\\\/?s={search_term_string}\"},\"query-input\":{\"@type\":\"PropertyValueSpecification\",\"valueRequired\":true,\"valueName\":\"search_term_string\"}}],\"inLanguage\":\"pt-BR\"}]}<\/script>\n<!-- \/ Yoast SEO plugin. -->","yoast_head_json":{"title":"Lily - Beleza Transparente","robots":{"index":"index","follow":"follow","max-snippet":"max-snippet:-1","max-image-preview":"max-image-preview:large","max-video-preview":"max-video-preview:-1"},"canonical":"https:\/\/www.grupoboticario.com.br\/beleza-transparente\/pd-do-futuro\/lily\/","og_locale":"pt_BR","og_type":"article","og_title":"Lily - Beleza Transparente","og_description":"Atrav\u00e9s do raro processo artesanal de enfleurage, desde de 2006 as fragr\u00e2ncias de Lily possuem em sua ess\u00eancia as melhores notas dos l\u00edrios, criando fragr\u00e2ncias \u00fanicas, delicadas e marcantes!","og_url":"https:\/\/www.grupoboticario.com.br\/beleza-transparente\/pd-do-futuro\/lily\/","og_site_name":"Beleza Transparente","article_modified_time":"2026-03-23T11:51:10+00:00","twitter_card":"summary_large_image","twitter_misc":{"Est. tempo de leitura":"1 minuto"},"schema":{"@context":"https:\/\/schema.org","@graph":[{"@type":"WebPage","@id":"https:\/\/www.grupoboticario.com.br\/beleza-transparente\/pd-do-futuro\/lily\/","url":"https:\/\/www.grupoboticario.com.br\/beleza-transparente\/pd-do-futuro\/lily\/","name":"Lily - Beleza Transparente","isPartOf":{"@id":"https:\/\/www.grupoboticario.com.br\/beleza-transparente\/#website"},"datePublished":"2024-11-21T19:31:42+00:00","dateModified":"2026-03-23T11:51:10+00:00","breadcrumb":{"@id":"https:\/\/www.grupoboticario.com.br\/beleza-transparente\/pd-do-futuro\/lily\/#breadcrumb"},"inLanguage":"pt-BR","potentialAction":[{"@type":"ReadAction","target":["https:\/\/www.grupoboticario.com.br\/beleza-transparente\/pd-do-futuro\/lily\/"]}]},{"@type":"BreadcrumbList","@id":"https:\/\/www.grupoboticario.com.br\/beleza-transparente\/pd-do-futuro\/lily\/#breadcrumb","itemListElement":[{"@type":"ListItem","position":1,"name":"In\u00edcio","item":"https:\/\/www.grupoboticario.com.br\/beleza-transparente\/"},{"@type":"ListItem","position":2,"name":"P&amp;D do Futuro","item":"https:\/\/www.grupoboticario.com.br\/beleza-transparente\/pd-do-futuro\/"},{"@type":"ListItem","position":3,"name":"Lily"}]},{"@type":"WebSite","@id":"https:\/\/www.grupoboticario.com.br\/beleza-transparente\/#website","url":"https:\/\/www.grupoboticario.com.br\/beleza-transparente\/","name":"Beleza Transparente","description":"","potentialAction":[{"@type":"SearchAction","target":{"@type":"EntryPoint","urlTemplate":"https:\/\/www.grupoboticario.com.br\/beleza-transparente\/?s={search_term_string}"},"query-input":{"@type":"PropertyValueSpecification","valueRequired":true,"valueName":"search_term_string"}}],"inLanguage":"pt-BR"}]}},"_links":{"self":[{"href":"https:\/\/www.grupoboticario.com.br\/beleza-transparente\/wp-json\/wp\/v2\/pages\/496","targetHints":{"allow":["GET"]}}],"collection":[{"href":"https:\/\/www.grupoboticario.com.br\/beleza-transparente\/wp-json\/wp\/v2\/pages"}],"about":[{"href":"https:\/\/www.grupoboticario.com.br\/beleza-transparente\/wp-json\/wp\/v2\/types\/page"}],"author":[{"embeddable":true,"href":"https:\/\/www.grupoboticario.com.br\/beleza-transparente\/wp-json\/wp\/v2\/users\/12"}],"replies":[{"embeddable":true,"href":"https:\/\/www.grupoboticario.com.br\/beleza-transparente\/wp-json\/wp\/v2\/comments?post=496"}],"version-history":[{"count":0,"href":"https:\/\/www.grupoboticario.com.br\/beleza-transparente\/wp-json\/wp\/v2\/pages\/496\/revisions"}],"up":[{"embeddable":true,"href":"https:\/\/www.grupoboticario.com.br\/beleza-transparente\/wp-json\/wp\/v2\/pages\/343"}],"wp:attachment":[{"href":"https:\/\/www.grupoboticario.com.br\/beleza-transparente\/wp-json\/wp\/v2\/media?parent=496"}],"curies":[{"name":"wp","href":"https:\/\/api.w.org\/{rel}","templated":true}]}}